{"id":2478,"date":"2023-04-17T12:50:53","date_gmt":"2023-04-17T09:50:53","guid":{"rendered":"https:\/\/aire-edih.eu\/?post_type=worker&#038;p=2478"},"modified":"2024-07-10T13:59:05","modified_gmt":"2024-07-10T10:59:05","slug":"andri-haran","status":"publish","type":"worker","link":"https:\/\/aire-edih.eu\/en\/team\/andri-haran\/","title":{"rendered":"Andri Haran"},"content":{"rendered":"<p>Andri is head of the Industry Division at the Ministry of Economic Affairs and Communications and has 20 years of experience in change and process management in the defence and aerospace industry. Having worked in both the private and public sectors, Andri understands how both work and their opportunities and challenges. Andri has a Master&#8217;s degree in Digital Transformation from Tallinn University of Technology.<\/p>\n","protected":false},"excerpt":{"rendered":"<p>Andri on Eesti Majandus- ja Kommunikatsiooniministeeriumi t\u00f6\u00f6stusvaldkonna juht, kes on 20-aastase erialase kogemusega muutuste- ja protsessijuhtimisega kaitse- ja kosmoset\u00f6\u00f6stuses. Olles t\u00f6\u00f6tanud nii era- kui avalikus sektoris, on Andril kogemus m\u00f5lema sektori toimimisest ning v\u00f5imalustest ja v\u00e4ljakutsetest. Andri on omandanud magistrikraadi Tallinna Tehnika\u00fclikoolis Ettev\u00f5ttete digimuutuste erialal. <\/p>\n","protected":false},"featured_media":2247,"template":"","class_list":["post-2478","worker","type-worker","status-publish","has-post-thumbnail","hentry"],"acf":[],"yoast_head":"<!-- This site is optimized with the Yoast SEO plugin v27.4 - https:\/\/yoast.com\/product\/yoast-seo-wordpress\/ -->\n<title>AIRE - Andri Haran<\/title>\n<meta name=\"robots\" content=\"index, follow, max-snippet:-1, max-image-preview:large, max-video-preview:-1\" \/>\n<link rel=\"canonical\" href=\"https:\/\/aire-edih.eu\/en\/team\/andri-haran\/\" \/>\n<meta property=\"og:locale\" content=\"en_US\" \/>\n<meta property=\"og:type\" content=\"article\" \/>\n<meta property=\"og:title\" content=\"AIRE - Andri Haran\" \/>\n<meta property=\"og:description\" content=\"Andri on Eesti Majandus- ja Kommunikatsiooniministeeriumi t\u00f6\u00f6stusvaldkonna juht, kes on 20-aastase erialase kogemusega muutuste- ja protsessijuhtimisega kaitse- ja kosmoset\u00f6\u00f6stuses. Olles t\u00f6\u00f6tanud nii era- kui avalikus sektoris, on Andril kogemus m\u00f5lema sektori toimimisest ning v\u00f5imalustest ja v\u00e4ljakutsetest. Andri on omandanud magistrikraadi Tallinna Tehnika\u00fclikoolis Ettev\u00f5ttete digimuutuste erialal.\" \/>\n<meta property=\"og:url\" content=\"https:\/\/aire-edih.eu\/en\/team\/andri-haran\/\" \/>\n<meta property=\"og:site_name\" content=\"AIRE\" \/>\n<meta property=\"article:publisher\" content=\"https:\/\/www.facebook.com\/airoboticsestonia?locale=et_EE\" \/>\n<meta property=\"article:modified_time\" content=\"2024-07-10T10:59:05+00:00\" \/>\n<meta property=\"og:image\" content=\"https:\/\/aire-edih.eu\/2023\/wp-content\/uploads\/2023\/03\/andri-haran.jpg\" \/>\n\t<meta property=\"og:image:width\" content=\"480\" \/>\n\t<meta property=\"og:image:height\" content=\"480\" \/>\n\t<meta property=\"og:image:type\" content=\"image\/jpeg\" \/>\n<meta name=\"twitter:card\" content=\"summary_large_image\" \/>\n<meta name=\"twitter:label1\" content=\"Est. reading time\" \/>\n\t<meta name=\"twitter:data1\" content=\"1 minute\" \/>\n<script type=\"application\/ld+json\" class=\"yoast-schema-graph\">{\"@context\":\"https:\\\/\\\/schema.org\",\"@graph\":[{\"@type\":\"WebPage\",\"@id\":\"https:\\\/\\\/aire-edih.eu\\\/en\\\/team\\\/andri-haran\\\/\",\"url\":\"https:\\\/\\\/aire-edih.eu\\\/en\\\/team\\\/andri-haran\\\/\",\"name\":\"AIRE - Andri Haran\",\"isPartOf\":{\"@id\":\"https:\\\/\\\/aire-edih.eu\\\/#website\"},\"primaryImageOfPage\":{\"@id\":\"https:\\\/\\\/aire-edih.eu\\\/en\\\/team\\\/andri-haran\\\/#primaryimage\"},\"image\":{\"@id\":\"https:\\\/\\\/aire-edih.eu\\\/en\\\/team\\\/andri-haran\\\/#primaryimage\"},\"thumbnailUrl\":\"https:\\\/\\\/aire-edih.eu\\\/2023\\\/wp-content\\\/uploads\\\/2023\\\/03\\\/andri-haran.jpg\",\"datePublished\":\"2023-04-17T09:50:53+00:00\",\"dateModified\":\"2024-07-10T10:59:05+00:00\",\"breadcrumb\":{\"@id\":\"https:\\\/\\\/aire-edih.eu\\\/en\\\/team\\\/andri-haran\\\/#breadcrumb\"},\"inLanguage\":\"en-US\",\"potentialAction\":[{\"@type\":\"ReadAction\",\"target\":[\"https:\\\/\\\/aire-edih.eu\\\/en\\\/team\\\/andri-haran\\\/\"]}]},{\"@type\":\"ImageObject\",\"inLanguage\":\"en-US\",\"@id\":\"https:\\\/\\\/aire-edih.eu\\\/en\\\/team\\\/andri-haran\\\/#primaryimage\",\"url\":\"https:\\\/\\\/aire-edih.eu\\\/2023\\\/wp-content\\\/uploads\\\/2023\\\/03\\\/andri-haran.jpg\",\"contentUrl\":\"https:\\\/\\\/aire-edih.eu\\\/2023\\\/wp-content\\\/uploads\\\/2023\\\/03\\\/andri-haran.jpg\",\"width\":480,\"height\":480},{\"@type\":\"BreadcrumbList\",\"@id\":\"https:\\\/\\\/aire-edih.eu\\\/en\\\/team\\\/andri-haran\\\/#breadcrumb\",\"itemListElement\":[{\"@type\":\"ListItem\",\"position\":1,\"name\":\"Home\",\"item\":\"https:\\\/\\\/aire-edih.eu\\\/en\\\/home\\\/\"},{\"@type\":\"ListItem\",\"position\":2,\"name\":\"Andri Haran\"}]},{\"@type\":\"WebSite\",\"@id\":\"https:\\\/\\\/aire-edih.eu\\\/#website\",\"url\":\"https:\\\/\\\/aire-edih.eu\\\/\",\"name\":\"AIRE\",\"description\":\"AI &amp; Robotics Estonia\",\"publisher\":{\"@id\":\"https:\\\/\\\/aire-edih.eu\\\/#organization\"},\"potentialAction\":[{\"@type\":\"SearchAction\",\"target\":{\"@type\":\"EntryPoint\",\"urlTemplate\":\"https:\\\/\\\/aire-edih.eu\\\/?s={search_term_string}\"},\"query-input\":{\"@type\":\"PropertyValueSpecification\",\"valueRequired\":true,\"valueName\":\"search_term_string\"}}],\"inLanguage\":\"en-US\"},{\"@type\":\"Organization\",\"@id\":\"https:\\\/\\\/aire-edih.eu\\\/#organization\",\"name\":\"AIRE\",\"url\":\"https:\\\/\\\/aire-edih.eu\\\/\",\"logo\":{\"@type\":\"ImageObject\",\"inLanguage\":\"en-US\",\"@id\":\"https:\\\/\\\/aire-edih.eu\\\/#\\\/schema\\\/logo\\\/image\\\/\",\"url\":\"https:\\\/\\\/aire-edih.eu\\\/2023\\\/wp-content\\\/uploads\\\/2024\\\/12\\\/AIRE_logo_black.png\",\"contentUrl\":\"https:\\\/\\\/aire-edih.eu\\\/2023\\\/wp-content\\\/uploads\\\/2024\\\/12\\\/AIRE_logo_black.png\",\"width\":1183,\"height\":671,\"caption\":\"AIRE\"},\"image\":{\"@id\":\"https:\\\/\\\/aire-edih.eu\\\/#\\\/schema\\\/logo\\\/image\\\/\"},\"sameAs\":[\"https:\\\/\\\/www.facebook.com\\\/airoboticsestonia?locale=et_EE\",\"https:\\\/\\\/www.linkedin.com\\\/company\\\/77710187\\\/admin\\\/dashboard\\\/?msgControlName=view_message_button&msgConversationId=2-M2ViODQ3ZjEtZTdjYi00NjYyLWI5YjItNThlOWQxMzgxMGU4XzAxMw&msgOverlay=true\"]}]}<\/script>\n<!-- \/ Yoast SEO plugin. -->","yoast_head_json":{"title":"AIRE - Andri Haran","robots":{"index":"index","follow":"follow","max-snippet":"max-snippet:-1","max-image-preview":"max-image-preview:large","max-video-preview":"max-video-preview:-1"},"canonical":"https:\/\/aire-edih.eu\/en\/team\/andri-haran\/","og_locale":"en_US","og_type":"article","og_title":"AIRE - Andri Haran","og_description":"Andri on Eesti Majandus- ja Kommunikatsiooniministeeriumi t\u00f6\u00f6stusvaldkonna juht, kes on 20-aastase erialase kogemusega muutuste- ja protsessijuhtimisega kaitse- ja kosmoset\u00f6\u00f6stuses. Olles t\u00f6\u00f6tanud nii era- kui avalikus sektoris, on Andril kogemus m\u00f5lema sektori toimimisest ning v\u00f5imalustest ja v\u00e4ljakutsetest. Andri on omandanud magistrikraadi Tallinna Tehnika\u00fclikoolis Ettev\u00f5ttete digimuutuste erialal.","og_url":"https:\/\/aire-edih.eu\/en\/team\/andri-haran\/","og_site_name":"AIRE","article_publisher":"https:\/\/www.facebook.com\/airoboticsestonia?locale=et_EE","article_modified_time":"2024-07-10T10:59:05+00:00","og_image":[{"width":480,"height":480,"url":"https:\/\/aire-edih.eu\/2023\/wp-content\/uploads\/2023\/03\/andri-haran.jpg","type":"image\/jpeg"}],"twitter_card":"summary_large_image","twitter_misc":{"Est. reading time":"1 minute"},"schema":{"@context":"https:\/\/schema.org","@graph":[{"@type":"WebPage","@id":"https:\/\/aire-edih.eu\/en\/team\/andri-haran\/","url":"https:\/\/aire-edih.eu\/en\/team\/andri-haran\/","name":"AIRE - Andri Haran","isPartOf":{"@id":"https:\/\/aire-edih.eu\/#website"},"primaryImageOfPage":{"@id":"https:\/\/aire-edih.eu\/en\/team\/andri-haran\/#primaryimage"},"image":{"@id":"https:\/\/aire-edih.eu\/en\/team\/andri-haran\/#primaryimage"},"thumbnailUrl":"https:\/\/aire-edih.eu\/2023\/wp-content\/uploads\/2023\/03\/andri-haran.jpg","datePublished":"2023-04-17T09:50:53+00:00","dateModified":"2024-07-10T10:59:05+00:00","breadcrumb":{"@id":"https:\/\/aire-edih.eu\/en\/team\/andri-haran\/#breadcrumb"},"inLanguage":"en-US","potentialAction":[{"@type":"ReadAction","target":["https:\/\/aire-edih.eu\/en\/team\/andri-haran\/"]}]},{"@type":"ImageObject","inLanguage":"en-US","@id":"https:\/\/aire-edih.eu\/en\/team\/andri-haran\/#primaryimage","url":"https:\/\/aire-edih.eu\/2023\/wp-content\/uploads\/2023\/03\/andri-haran.jpg","contentUrl":"https:\/\/aire-edih.eu\/2023\/wp-content\/uploads\/2023\/03\/andri-haran.jpg","width":480,"height":480},{"@type":"BreadcrumbList","@id":"https:\/\/aire-edih.eu\/en\/team\/andri-haran\/#breadcrumb","itemListElement":[{"@type":"ListItem","position":1,"name":"Home","item":"https:\/\/aire-edih.eu\/en\/home\/"},{"@type":"ListItem","position":2,"name":"Andri Haran"}]},{"@type":"WebSite","@id":"https:\/\/aire-edih.eu\/#website","url":"https:\/\/aire-edih.eu\/","name":"AIRE","description":"AI &amp; Robotics Estonia","publisher":{"@id":"https:\/\/aire-edih.eu\/#organization"},"potentialAction":[{"@type":"SearchAction","target":{"@type":"EntryPoint","urlTemplate":"https:\/\/aire-edih.eu\/?s={search_term_string}"},"query-input":{"@type":"PropertyValueSpecification","valueRequired":true,"valueName":"search_term_string"}}],"inLanguage":"en-US"},{"@type":"Organization","@id":"https:\/\/aire-edih.eu\/#organization","name":"AIRE","url":"https:\/\/aire-edih.eu\/","logo":{"@type":"ImageObject","inLanguage":"en-US","@id":"https:\/\/aire-edih.eu\/#\/schema\/logo\/image\/","url":"https:\/\/aire-edih.eu\/2023\/wp-content\/uploads\/2024\/12\/AIRE_logo_black.png","contentUrl":"https:\/\/aire-edih.eu\/2023\/wp-content\/uploads\/2024\/12\/AIRE_logo_black.png","width":1183,"height":671,"caption":"AIRE"},"image":{"@id":"https:\/\/aire-edih.eu\/#\/schema\/logo\/image\/"},"sameAs":["https:\/\/www.facebook.com\/airoboticsestonia?locale=et_EE","https:\/\/www.linkedin.com\/company\/77710187\/admin\/dashboard\/?msgControlName=view_message_button&msgConversationId=2-M2ViODQ3ZjEtZTdjYi00NjYyLWI5YjItNThlOWQxMzgxMGU4XzAxMw&msgOverlay=true"]}]}},"_links":{"self":[{"href":"https:\/\/aire-edih.eu\/en\/wp-json\/wp\/v2\/worker\/2478","targetHints":{"allow":["GET"]}}],"collection":[{"href":"https:\/\/aire-edih.eu\/en\/wp-json\/wp\/v2\/worker"}],"about":[{"href":"https:\/\/aire-edih.eu\/en\/wp-json\/wp\/v2\/types\/worker"}],"version-history":[{"count":3,"href":"https:\/\/aire-edih.eu\/en\/wp-json\/wp\/v2\/worker\/2478\/revisions"}],"predecessor-version":[{"id":9067,"href":"https:\/\/aire-edih.eu\/en\/wp-json\/wp\/v2\/worker\/2478\/revisions\/9067"}],"wp:featuredmedia":[{"embeddable":true,"href":"https:\/\/aire-edih.eu\/en\/wp-json\/wp\/v2\/media\/2247"}],"wp:attachment":[{"href":"https:\/\/aire-edih.eu\/en\/wp-json\/wp\/v2\/media?parent=2478"}],"curies":[{"name":"wp","href":"https:\/\/api.w.org\/{rel}","templated":true}]}}

<p>Andri on Eesti Majandus- ja Kommunikatsiooniministeeriumi tööstusvaldkonna juht, kes on 20-aastase erialase kogemusega muutuste- ja protsessijuhtimisega kaitse- ja kosmosetööstuses. Olles töötanud nii era- kui avalikus sektoris, on Andril kogemus mõlema sektori toimimisest ning võimalustest ja väljakutsetest. Andri on omandanud magistrikraadi Tallinna Tehnikaülikoolis Ettevõttete digimuutuste erialal. </p>

<!-- This site is optimized with the Yoast SEO plugin v27.4 - https://yoast.com/product/yoast-seo-wordpress/ -->
<title>AIRE - Andri Haran</title>
<meta name="robots" content="index, follow, max-snippet:-1, max-image-preview:large, max-video-preview:-1" />
<link rel="canonical" href="https://aire-edih.eu/en/team/andri-haran/" />
<meta property="og:locale" content="en_US" />
<meta property="og:type" content="article" />
<meta property="og:title" content="AIRE - Andri Haran" />
<meta property="og:description" content="Andri on Eesti Majandus- ja Kommunikatsiooniministeeriumi tööstusvaldkonna juht, kes on 20-aastase erialase kogemusega muutuste- ja protsessijuhtimisega kaitse- ja kosmosetööstuses. Olles töötanud nii era- kui avalikus sektoris, on Andril kogemus mõlema sektori toimimisest ning võimalustest ja väljakutsetest. Andri on omandanud magistrikraadi Tallinna Tehnikaülikoolis Ettevõttete digimuutuste erialal." />
<meta property="og:url" content="https://aire-edih.eu/en/team/andri-haran/" />
<meta property="og:site_name" content="AIRE" />
<meta property="article:publisher" content="https://www.facebook.com/airoboticsestonia?locale=et_EE" />
<meta property="article:modified_time" content="2024-07-10T10:59:05+00:00" />
<meta property="og:image" content="https://aire-edih.eu/2023/wp-content/uploads/2023/03/andri-haran.jpg" />
	<meta property="og:image:width" content="480" />
	<meta property="og:image:height" content="480" />
	<meta property="og:image:type" content="image/jpeg" />
<meta name="twitter:card" content="summary_large_image" />
<meta name="twitter:label1" content="Est. reading time" />
	<meta name="twitter:data1" content="1 minute" />
<script type="application/ld+json" class="yoast-schema-graph">{"@context":"https:\/\/schema.org","@graph":[{"@type":"WebPage","@id":"https:\/\/aire-edih.eu\/en\/team\/andri-haran\/","url":"https:\/\/aire-edih.eu\/en\/team\/andri-haran\/","name":"AIRE - Andri Haran","isPartOf":{"@id":"https:\/\/aire-edih.eu\/#website"},"primaryImageOfPage":{"@id":"https:\/\/aire-edih.eu\/en\/team\/andri-haran\/#primaryimage"},"image":{"@id":"https:\/\/aire-edih.eu\/en\/team\/andri-haran\/#primaryimage"},"thumbnailUrl":"https:\/\/aire-edih.eu\/2023\/wp-content\/uploads\/2023\/03\/andri-haran.jpg","datePublished":"2023-04-17T09:50:53+00:00","dateModified":"2024-07-10T10:59:05+00:00","breadcrumb":{"@id":"https:\/\/aire-edih.eu\/en\/team\/andri-haran\/#breadcrumb"},"inLanguage":"en-US","potentialAction":[{"@type":"ReadAction","target":["https:\/\/aire-edih.eu\/en\/team\/andri-haran\/"]}]},{"@type":"ImageObject","inLanguage":"en-US","@id":"https:\/\/aire-edih.eu\/en\/team\/andri-haran\/#primaryimage","url":"https:\/\/aire-edih.eu\/2023\/wp-content\/uploads\/2023\/03\/andri-haran.jpg","contentUrl":"https:\/\/aire-edih.eu\/2023\/wp-content\/uploads\/2023\/03\/andri-haran.jpg","width":480,"height":480},{"@type":"BreadcrumbList","@id":"https:\/\/aire-edih.eu\/en\/team\/andri-haran\/#breadcrumb","itemListElement":[{"@type":"ListItem","position":1,"name":"Home","item":"https:\/\/aire-edih.eu\/en\/home\/"},{"@type":"ListItem","position":2,"name":"Andri Haran"}]},{"@type":"WebSite","@id":"https:\/\/aire-edih.eu\/#website","url":"https:\/\/aire-edih.eu\/","name":"AIRE","description":"AI &amp; Robotics Estonia","publisher":{"@id":"https:\/\/aire-edih.eu\/#organization"},"potentialAction":[{"@type":"SearchAction","target":{"@type":"EntryPoint","urlTemplate":"https:\/\/aire-edih.eu\/?s={search_term_string}"},"query-input":{"@type":"PropertyValueSpecification","valueRequired":true,"valueName":"search_term_string"}}],"inLanguage":"en-US"},{"@type":"Organization","@id":"https:\/\/aire-edih.eu\/#organization","name":"AIRE","url":"https:\/\/aire-edih.eu\/","logo":{"@type":"ImageObject","inLanguage":"en-US","@id":"https:\/\/aire-edih.eu\/#\/schema\/logo\/image\/","url":"https:\/\/aire-edih.eu\/2023\/wp-content\/uploads\/2024\/12\/AIRE_logo_black.png","contentUrl":"https:\/\/aire-edih.eu\/2023\/wp-content\/uploads\/2024\/12\/AIRE_logo_black.png","width":1183,"height":671,"caption":"AIRE"},"image":{"@id":"https:\/\/aire-edih.eu\/#\/schema\/logo\/image\/"},"sameAs":["https:\/\/www.facebook.com\/airoboticsestonia?locale=et_EE","https:\/\/www.linkedin.com\/company\/77710187\/admin\/dashboard\/?msgControlName=view_message_button&msgConversationId=2-M2ViODQ3ZjEtZTdjYi00NjYyLWI5YjItNThlOWQxMzgxMGU4XzAxMw&msgOverlay=true"]}]}</script>
<!-- / Yoast SEO plugin. -->

Andri on Eesti Majandus- ja Kommunikatsiooniministeeriumi tööstusvaldkonna juht, kes on 20-aastase erialase kogemusega muutuste- ja protsessijuhtimisega kaitse- ja kosmosetööstuses. Olles töötanud nii era- kui avalikus sektoris, on Andril kogemus mõlema sektori toimimisest ning võimalustest ja väljakutsetest. Andri on omandanud magistrikraadi Tallinna Tehnikaülikoolis Ettevõttete digimuutuste erialal.
